{"id":106,"date":"2026-01-07T20:54:07","date_gmt":"2026-01-07T19:54:07","guid":{"rendered":"https:\/\/sp9ezm.com\/ezm\/?page_id=106"},"modified":"2026-02-07T02:05:49","modified_gmt":"2026-02-07T01:05:49","slug":"wlodowice","status":"publish","type":"page","link":"https:\/\/sp9ezm.com\/ezm\/wlodowice\/","title":{"rendered":"W\u0142odowice"},"content":{"rendered":"\n<blockquote class=\"wp-block-quote is-layout-flow wp-block-quote-is-layout-flow\">\n<p><a href=\"https:\/\/pl.wikipedia.org\/wiki\/W%C5%82odowice_(wojew%C3%B3dztwo_%C5%9Bl%C4%85skie)\"><strong>W\u0141ODOWICE<\/strong><\/a><\/p>\n\n\n\n<p>Historia W\u0142odowic<\/p>\n\n\n\n<p>W dokumencie wydanym w 1220 roku przez biskupa krakowskiego Iwo Odrow\u0105\u017ca.<\/p>\n\n\n\n<p><a href=\"https:\/\/www.wlodowice.pl\/\">W\u0142odowice<\/a>&nbsp;wymieniane s\u0105 jako jedna z wsi oddaj\u0105cych dziesi\u0119ciny klasztorowi kanonik\u00f3w regularnych w Mstowie.<\/p>\n\n\n\n<p>Jeszcze w XIII wieku miejscowo\u015b\u0107&nbsp; a szczeg\u00f3lnie tutejsza \u015bwi\u0105tynia zosta\u0142a zniszczona w wyniku najazd\u00f3w tatarskich<\/p>\n\n\n\n<p><a href=\"https:\/\/www.wlodowice.wiara.org.pl\/start,i1.html\">ko\u015bci\u00f3\u0142<\/a>&nbsp;zosta\u0142 odbudowany w 1305 roku. W 1327 roku nast\u0105pi\u0142a zmiana w\u0142a\u015bciciela d\u00f3br. Kr\u00f3l W\u0142adys\u0142aw \u0141okietek<\/p>\n\n\n\n<p>przej\u0105\u0142 W\u0142odowice i Parkoszowice w zamian za przekazanie w\u00f3wczas klasztorowi mstowskiemu wsi Komorniki&nbsp;&nbsp;<\/p>\n\n\n\n<p>Morsko i Skar\u017cyce. W 1386 roku W\u0142odowice i Parkoszowice przesz\u0142y w posiadanie rodu W\u0142odk\u00f3w herbu Sulima.<\/p>\n\n\n\n<p>Prawdopodobnie W\u0142odowice dysponowa\u0142y ju\u017c w\u00f3wczas prawami miejskimi. Fakt ten nale\u017ca\u0142oby datowa\u0107 \u2013 podobnie<\/p>\n\n\n\n<p>jak powstanie miejscowej parafii \u2013 na panowanie kr\u00f3la Kazimierza Wielkiego. Po roku 1373&nbsp;<a href=\"https:\/\/www.wlodowice.wiara.org.pl\/\">parafia W\u0142odowice&nbsp;<\/a>,&nbsp;<\/p>\n\n\n\n<p>nale\u017c\u0105ca do dekanatu Lelowskiego , jest ju\u017c odnotowana w \u017cr\u00f3d\u0142ach pisanych.&nbsp;<\/p>\n\n\n\n<p>W 1870 roku w wyniku represji po powstaniu styczniowym&nbsp; W\u0142odowice utraci\u0142y prawa miejskie , kt\u00f3re odzyska\u0142y ponownie 1 stycznia 2023 roku.<\/p>\n\n\n\n<p>Miasto le\u017cy w obszrze rydono\u015bnym , W okolicy znajdowa\u0142a si\u0119 kopalnia rud \u017celaza \u201eJan-W\u0142odowice\u201d.&nbsp;<\/p>\n\n\n\n<p>Obecnie&nbsp;<a href=\"https:\/\/pl.wikipedia.org\/wiki\/W%C5%82odowice_(wojew%C3%B3dztwo_%C5%9Bl%C4%85skie)\">W\u0142odowice<\/a>&nbsp;s\u0105 administracyjnie miastem i gmin\u0105 w powiecie Zawiercia\u0144skim i wojew\u00f3dztwie \u015al\u0105skim<\/p>\n<\/blockquote>\n\n\n\n<figure class=\"wp-block-image size-large\"><img loading=\"lazy\" width=\"1024\" height=\"682\" src=\"https:\/\/sp9ezm.com\/ezm\/wp-content\/uploads\/2026\/02\/JuDrone_Rynek_Wlodowice_2-1-1024x682.jpg\" alt=\"\" class=\"wp-image-187\" srcset=\"https:\/\/sp9ezm.com\/ezm\/wp-content\/uploads\/2026\/02\/JuDrone_Rynek_Wlodowice_2-1-1024x682.jpg 1024w, https:\/\/sp9ezm.com\/ezm\/wp-content\/uploads\/2026\/02\/JuDrone_Rynek_Wlodowice_2-1-300x200.jpg 300w, https:\/\/sp9ezm.com\/ezm\/wp-content\/uploads\/2026\/02\/JuDrone_Rynek_Wlodowice_2-1-768x512.jpg 768w, https:\/\/sp9ezm.com\/ezm\/wp-content\/uploads\/2026\/02\/JuDrone_Rynek_Wlodowice_2-1.jpg 1280w\" sizes=\"auto, (max-width: 1024px) 100vw, 1024px\" \/><\/figure>\n\n\n\n<a href=\"https:\/\/info.flagcounter.com\/I83m\"><img src=\"https:\/\/s01.flagcounter.com\/count2\/I83m\/bg_FFFFFF\/txt_000000\/border_CCCCCC\/columns_2\/maxflags_10\/viewers_0\/labels_0\/pageviews_0\/flags_0\/percent_0\/\" alt=\"Flag Counter\" border=\"0\"><\/a>\n","protected":false},"excerpt":{"rendered":"<p>W\u0141ODOWICE Historia W\u0142odowic W dokumencie wydanym w 1220 roku przez biskupa krakowskiego Iwo Odrow\u0105\u017ca. W\u0142odowice&nbsp;wymieniane s\u0105 jako jedna z wsi oddaj\u0105cych dziesi\u0119ciny klasztorowi kanonik\u00f3w regularnych w Mstowie. Jeszcze w XIII wieku miejscowo\u015b\u0107&nbsp; a szczeg\u00f3lnie tutejsza \u015bwi\u0105tynia zosta\u0142a zniszczona w wyniku najazd\u00f3w tatarskich ko\u015bci\u00f3\u0142&nbsp;zosta\u0142 odbudowany w 1305 roku. W 1327 roku nast\u0105pi\u0142a zmiana w\u0142a\u015bciciela d\u00f3br. Kr\u00f3l [&hellip;]<\/p>\n","protected":false},"author":1,"featured_media":0,"parent":0,"menu_order":0,"comment_status":"closed","ping_status":"closed","template":"","meta":{"footnotes":""},"class_list":["post-106","page","type-page","status-publish","hentry"],"_links":{"self":[{"href":"https:\/\/sp9ezm.com\/ezm\/wp-json\/wp\/v2\/pages\/106","targetHints":{"allow":["GET"]}}],"collection":[{"href":"https:\/\/sp9ezm.com\/ezm\/wp-json\/wp\/v2\/pages"}],"about":[{"href":"https:\/\/sp9ezm.com\/ezm\/wp-json\/wp\/v2\/types\/page"}],"author":[{"embeddable":true,"href":"https:\/\/sp9ezm.com\/ezm\/wp-json\/wp\/v2\/users\/1"}],"replies":[{"embeddable":true,"href":"https:\/\/sp9ezm.com\/ezm\/wp-json\/wp\/v2\/comments?post=106"}],"version-history":[{"count":5,"href":"https:\/\/sp9ezm.com\/ezm\/wp-json\/wp\/v2\/pages\/106\/revisions"}],"predecessor-version":[{"id":188,"href":"https:\/\/sp9ezm.com\/ezm\/wp-json\/wp\/v2\/pages\/106\/revisions\/188"}],"wp:attachment":[{"href":"https:\/\/sp9ezm.com\/ezm\/wp-json\/wp\/v2\/media?parent=106"}],"curies":[{"name":"wp","href":"https:\/\/api.w.org\/{rel}","templated":true}]}}

Włodowice

<blockquote class="wp-block-quote is-layout-flow wp-block-quote-is-layout-flow">
<p><a href="https://pl.wikipedia.org/wiki/W%C5%82odowice_(wojew%C3%B3dztwo_%C5%9Bl%C4%85skie)"><strong>WŁODOWICE</strong></a></p>



<p>Historia Włodowic</p>



<p>W dokumencie wydanym w 1220 roku przez biskupa krakowskiego Iwo Odrowąża.</p>



<p><a href="https://www.wlodowice.pl/">Włodowice</a>&nbsp;wymieniane są jako jedna z wsi oddających dziesięciny klasztorowi kanoników regularnych w Mstowie.</p>



<p>Jeszcze w XIII wieku miejscowość&nbsp; a szczególnie tutejsza świątynia została zniszczona w wyniku najazdów tatarskich</p>



<p><a href="https://www.wlodowice.wiara.org.pl/start,i1.html">kościół</a>&nbsp;został odbudowany w 1305 roku. W 1327 roku nastąpiła zmiana właściciela dóbr. Król Władysław Łokietek</p>



<p>przejął Włodowice i Parkoszowice w zamian za przekazanie wówczas klasztorowi mstowskiemu wsi Komorniki&nbsp;&nbsp;</p>



<p>Morsko i Skarżyce. W 1386 roku Włodowice i Parkoszowice przeszły w posiadanie rodu Włodków herbu Sulima.</p>



<p>Prawdopodobnie Włodowice dysponowały już wówczas prawami miejskimi. Fakt ten należałoby datować – podobnie</p>



<p>jak powstanie miejscowej parafii – na panowanie króla Kazimierza Wielkiego. Po roku 1373&nbsp;<a href="https://www.wlodowice.wiara.org.pl/">parafia Włodowice&nbsp;</a>,&nbsp;</p>



<p>należąca do dekanatu Lelowskiego , jest już odnotowana w żródłach pisanych.&nbsp;</p>



<p>W 1870 roku w wyniku represji po powstaniu styczniowym&nbsp; Włodowice utraciły prawa miejskie , które odzyskały ponownie 1 stycznia 2023 roku.</p>



<p>Miasto leży w obszrze rydonośnym , W okolicy znajdowała się kopalnia rud żelaza „Jan-Włodowice”.&nbsp;</p>



<p>Obecnie&nbsp;<a href="https://pl.wikipedia.org/wiki/W%C5%82odowice_(wojew%C3%B3dztwo_%C5%9Bl%C4%85skie)">Włodowice</a>&nbsp;są administracyjnie miastem i gminą w powiecie Zawierciańskim i województwie Śląskim</p>
</blockquote>



<figure class="wp-block-image size-large"><img loading="lazy" width="1024" height="682" src="https://sp9ezm.com/ezm/wp-content/uploads/2026/02/JuDrone_Rynek_Wlodowice_2-1-1024x682.jpg" alt="" class="wp-image-187" srcset="https://sp9ezm.com/ezm/wp-content/uploads/2026/02/JuDrone_Rynek_Wlodowice_2-1-1024x682.jpg 1024w, https://sp9ezm.com/ezm/wp-content/uploads/2026/02/JuDrone_Rynek_Wlodowice_2-1-300x200.jpg 300w, https://sp9ezm.com/ezm/wp-content/uploads/2026/02/JuDrone_Rynek_Wlodowice_2-1-768x512.jpg 768w, https://sp9ezm.com/ezm/wp-content/uploads/2026/02/JuDrone_Rynek_Wlodowice_2-1.jpg 1280w" sizes="auto, (max-width: 1024px) 100vw, 1024px" /></figure>



<a href="https://info.flagcounter.com/I83m"><img src="https://s01.flagcounter.com/count2/I83m/bg_FFFFFF/txt_000000/border_CCCCCC/columns_2/maxflags_10/viewers_0/labels_0/pageviews_0/flags_0/percent_0/" alt="Flag Counter" border="0"></a>

<p>WŁODOWICE Historia Włodowic W dokumencie wydanym w 1220 roku przez biskupa krakowskiego Iwo Odrowąża. Włodowice&nbsp;wymieniane są jako jedna z wsi oddających dziesięciny klasztorowi kanoników regularnych w Mstowie. Jeszcze w XIII wieku miejscowość&nbsp; a szczególnie tutejsza świątynia została zniszczona w wyniku najazdów tatarskich kościół&nbsp;został odbudowany w 1305 roku. W 1327 roku nastąpiła zmiana właściciela dóbr. Król [&hellip;]</p>
