{"id":13,"date":"2026-01-05T10:37:45","date_gmt":"2026-01-05T10:37:45","guid":{"rendered":"https:\/\/sp9ezm.com\/ezm\/?page_id=13"},"modified":"2026-01-07T12:25:48","modified_gmt":"2026-01-07T11:25:48","slug":"sp9ezm","status":"publish","type":"page","link":"https:\/\/sp9ezm.com\/ezm\/","title":{"rendered":"SP9EZM"},"content":{"rendered":"\n<blockquote class=\"wp-block-quote is-layout-flow wp-block-quote-is-layout-flow\" style=\"border-width:18px;border-top-left-radius:21px;border-top-right-radius:21px;border-bottom-left-radius:21px;border-bottom-right-radius:21px;padding-top:0;padding-right:0;padding-bottom:0;padding-left:0\">\n<h1 class=\"wp-block-heading\">SP9EZM-3Z9W<\/h1>\n\n\n\n<figure class=\"wp-block-image\"><img src=\"https:\/\/host22565.iqhs.pl\/wp\/wp-content\/uploads\/2025\/11\/SP9.jpg\" alt=\"\" class=\"wp-image-127\"\/><\/figure>\n\n\n\n<figure class=\"wp-block-image aligncenter\"><img src=\"https:\/\/host22565.iqhs.pl\/wp\/wp-content\/uploads\/2026\/01\/callplate-sp9ezm.png\" alt=\"\" class=\"wp-image-2161\"\/><\/figure>\n\n\n\n<blockquote class=\"wp-block-quote is-layout-flow wp-block-quote-is-layout-flow\">\n<p><strong>SP9EZM \u2013 Welcome to my website<\/strong><\/p>\n\n\n\n<p><strong>Adres mo\u017cna znale\u017a\u0107 w callbookach krajowych , jak r\u00f3wnie\u017c na qrz.com<\/strong><\/p>\n\n\n\n<p><strong>Obecnie jestem emerytem , mo\u017cna mnie spotka\u0107 na pasmach pod znakami &nbsp;<a href=\"https:\/\/www.qrz.com\/db\/SP9EZM\">SP9EZM<\/a>&nbsp;, &nbsp;<a href=\"https:\/\/www.qrz.com\/db\/IZ2GIU\">IZ2GIU<\/a>&nbsp;,&nbsp;<a href=\"https:\/\/www.qrz.com\/db\/SN800WL\">SN800WL<\/a>&nbsp;i&nbsp;<a href=\"https:\/\/www.qrz.com\/db\/3Z9W\">3Z9W<\/a><\/strong><\/p>\n\n\n\n<p><strong>U\u017cywam radia Yaesu FT1000 MP , FT 950 , Kenwood TS 850S , Icom IC 706 MK II , FT 8800<\/strong><\/p>\n\n\n\n<p><strong>Anteny : 3 ele 5 band , GP-7DX, GP-ECO, delta loop , FD4 80-10m , Diamond X 500, LW54m<\/strong><\/p>\n\n\n\n<p><strong>jestem widoczny na emisjach cyfrowych ( RTTY , FT8 , FT4 )<\/strong><\/p>\n\n\n\n<p><strong>Jestem cz\u0142onkiem PZK&nbsp;<br>&nbsp;<br>The address can be found in callbooks national as well as on qrz.com<br>I am currently retired<br>You can find me on bands under the signs of SP9EZM , IZ2GIU ,SN800WL and 3Z9W<br>I use the radio Yaesu FT1000 MP ,&nbsp; FT 950, Kenwood TS 850S, Icom IC 706 MK II, the FT 8800<br>Antennas: 3ele 5band 14-28 Mhz , GP7Dx ,GP-ECO , delta loop, FD4 80-10m , Diamond X 500<br>&nbsp;I am active on digital modes&nbsp;( RTTY , FT8 , FT4 )<br>I am a member of the PZK<\/strong><\/p>\n<\/blockquote>\n\n\n\n<p><a href=\"http:\/\/s01.flagcounter.com\/more\/CM\"><\/a><\/p>\n<\/blockquote>\n\n\n\n<a href=\"https:\/\/info.flagcounter.com\/b5oi\"><img src=\"https:\/\/s01.flagcounter.com\/count2\/b5oi\/bg_FFFFFF\/txt_000000\/border_CCCCCC\/columns_2\/maxflags_10\/viewers_0\/labels_0\/pageviews_0\/flags_0\/percent_0\/\" alt=\"Flag Counter\" border=\"0\"><\/a>\n","protected":false},"excerpt":{"rendered":"","protected":false},"author":1,"featured_media":0,"parent":0,"menu_order":0,"comment_status":"closed","ping_status":"closed","template":"","meta":{"footnotes":""},"class_list":["post-13","page","type-page","status-publish","hentry"],"_links":{"self":[{"href":"https:\/\/sp9ezm.com\/ezm\/wp-json\/wp\/v2\/pages\/13","targetHints":{"allow":["GET"]}}],"collection":[{"href":"https:\/\/sp9ezm.com\/ezm\/wp-json\/wp\/v2\/pages"}],"about":[{"href":"https:\/\/sp9ezm.com\/ezm\/wp-json\/wp\/v2\/types\/page"}],"author":[{"embeddable":true,"href":"https:\/\/sp9ezm.com\/ezm\/wp-json\/wp\/v2\/users\/1"}],"replies":[{"embeddable":true,"href":"https:\/\/sp9ezm.com\/ezm\/wp-json\/wp\/v2\/comments?post=13"}],"version-history":[{"count":3,"href":"https:\/\/sp9ezm.com\/ezm\/wp-json\/wp\/v2\/pages\/13\/revisions"}],"predecessor-version":[{"id":90,"href":"https:\/\/sp9ezm.com\/ezm\/wp-json\/wp\/v2\/pages\/13\/revisions\/90"}],"wp:attachment":[{"href":"https:\/\/sp9ezm.com\/ezm\/wp-json\/wp\/v2\/media?parent=13"}],"curies":[{"name":"wp","href":"https:\/\/api.w.org\/{rel}","templated":true}]}}